 v*a. Suppose -l - l = -a. Is 10 a factor of l?
True
Suppose -4*a - 308 = 4*o, -10 = -2*a + o - 155. Let d = -50 - a. Does 12 divide d?
True
Let r(d) = -2*d - 6. Let n be r(-5). Suppose 5*p + 9*j - 45 = n*j, -2*p = -3*j - 18. Is p a multiple of 6?
False
Suppose 23 = l + 1. Is 14 a factor of l?
False
Suppose 4*g - 6*g = -24. Does 12 divide (g/10)/(2/30)?
False
Let j be 18/5 - 2/(-5). Let i = 70 - j. Suppose -i = -w - w. Does 15 divide w?
False
Suppose 0 = -3*q + 7*q - 24. Let x = q + -4. Suppose x*v + v = 96. Is v a multiple of 16?
True
Let s(k) = -k - 1. Let l be s(5). Let g = -4 - l. Suppose -g*u = m + u, 68 = 4*m - 5*u. Is m a multiple of 6?
True
Suppose -5*n + 5*v = -160, 0*n + 4*v = 2*n - 74. Is n a multiple of 20?
False
Suppose -v + 4*v - 312 = 0. Is v a multiple of 26?
True
Let v = -2 + 2. Let j be -2*-1*3 - v. Is 16 a factor of (32/(-6))/((-2)/j)?
True
Let m(p) = -59*p + 1. Does 30 divide m(-2)?
False
Let h be 3*((-4)/6 + 3). Suppose -d = 3*w + 1, 0 = 3*d + 5*w + 2 - h. Is 2 a factor of d?
False
Suppose 7*q + 2*c - 308 = 3*q, 0 = 4*c + 16. Is q a multiple of 16?
False
Let r(d) = 12*d**3 + 3*d**2 - 2*d - 1. Let c be r(2). Suppose f + 3*o - 7 = 2*f, -3*o = 4*f + c. Let a = -6 - f. Does 8 divide a?
True
Let g = 3 + -4. Let p = 4 - g. Let w(q) = -q**2 + 7*q - 7. Is 3 a factor of w(p)?
True
Let k = 67 + -17. Is k a multiple of 17?
False
Let o(l) = -7*l - 7. Let r be o(6). Let m = r - -86. Is m a multiple of 8?
False
Let t(m) = -3*m**3 + 1. Let v be t(-1). Suppose 3*u = -d + 2*u + 28, -v*u - 120 = -4*d. Is 15 a factor of d?
False
Suppose -12*a + 7*a = -275. Does 11 divide a?
True
Let h be (-3)/12 - 6/8. Let b(m) = -8*m - 1. Does 4 divide b(h)?
False
Suppose 5*z = -3*k - 183, 0*z = -5*k + 3*z - 339. Is (-869)/k - (-2)/(-12) a multiple of 13?
True
Suppose -3*i + i = -46. Let l = i - 14. Is (0 + -3)*(-6)/l a multiple of 2?
True
Suppose -2*t = 3*t - 770. Does 13 divide t?
False
Let v(g) = 6*g**2 - 1. Is v(3) a multiple of 53?
True
Suppose 0 = -t - 4*o + 238, -5*t = -4*o + o - 1121. Is 9 a factor of t?
False
Is 5 a factor of 4/4*(14 - (-1 - 0))?
True
Let h = 9 + -8. Let o be (-2)/10*6*-10. Let u = h + o. Is u a multiple of 13?
True
Is 9 a factor of ((-298)/(-8) - 1) + 7/(-28)?
True
Let d = -153 + 214. Suppose 39*j + 170 = 34*j. Let k = d + j. Is k a multiple of 12?
False
Let x(z) = 11*z - 4*z - 8 - 1. Is 18 a factor of x(9)?
True
Suppose 4*t - i - 2*i = 603, 3 = i. Does 17 divide t?
True
Let b be (3/(-4))/(1/12). Does 3 divide 12/b*9*-1?
True
Let i be -1 + -1 + (-10)/(-1). Suppose -3*a = -i - 25. Is 11 a factor of a?
True
Suppose 4*u - 26 = -3*r + 2, 35 = 5*r - 5*u. Let x be 8/12*3/1. Is r/(x/5 + 0) a multiple of 20?
True
Does 17 divide (-2)/(4/(-36) + 0)?
False
Let f = 49 + -13. Is 7 a factor of f?
False
Suppose 0*k + 4*l + 100 = -2*k, 5*k + 3*l + 271 = 0. Let n = -16 - k. Does 14 divide n?
False
Let q = -330 + 589. Is 24 a factor of q?
False
Let j(v) = 47*v**2 - 2*v - 1. Suppose 3*y = 4*a - y - 4, -5*y + 20 = 0. Let s = -6 + a. Is j(s) a multiple of 17?
False
Let f(r) = r + 16. Let s be f(-11). Suppose -s*w = -4*w - 13. Is 13 a factor of w?
True
Let u(c) be the first derivative of c**4/4 + 5*c**3/3 + 2*c**2 - c - 2. Let s be u(-3). Suppose -108 = -s*x + 12. Is 12 a factor of x?
True
Suppose -2*j - 3*w - 280 = -3*j, -3*j = -4*w - 840. Is j a multiple of 21?
False
Let k(h) = -h**3 - 3*h**2 - 4*h + 6. Is k(-4) a multiple of 19?
True
Let w = 9 - 6. Is 11 a factor of (-6)/9 - (-92)/w?
False
Suppose b + 2*v - 4 = 23, 0 = 4*b + 2*v - 114. Is 15 a factor of b?
False
Let r(l) = 0*l + l + 4*l**2 + l**3 - 3 - 3*l. Is r(-3) a multiple of 6?
True
Suppose -l + 79 = 8. Let m = -49 + l. Is m a multiple of 9?
False
Does 3 divide (-9)/12*-2*6?
True
Let z(t) = t**2 + 8*t + 9. Let h be z(-7). Is 2 - 4*-8 - h a multiple of 11?
False
Suppose 32*w - 27*w - 525 = 0. Is w a multiple of 35?
True
Let w(v) = -v + 5. Let b(h) = h**3 - 3*h**2 - 4*h + 5. Let n be b(4). Let u be w(n). Suppose u = -3*z + 2*z + 18. Is 9 a factor of z?
True
Let d(s) = -7*s**2 + s + 1. Let j be d(-1). Let m(h) = h + 10. Let k be m(j). Suppose 0 = -4*z + 3*p + 23, -k*z + 0*z = -4*p - 12. Is z a multiple of 3?
False
Let a(f) = 13*f - 9. Let w be a(5). Suppose -2*s + 4*o + 32 = 0, -3*s + 4*o = -0*o - w. Is 8 a factor of s?
True
Let s(g) be the first derivative of g**2/2 + 2*g + 2. Let v be s(4). Does 13 divide v/(-15) - 264/(-10)?
True
Let l = 5 - -7. Let s = -6 + l. Let p = s - 4. Does 2 divide p?
True
Let x(y) be the third derivative of 5/6*y**3 + 0 + 0*y - 2*y**2 - 5/12*y**4 - 1/60*y**5. Is x(-9) a multiple of 6?
False
Suppose 31 = 5*q - 29. Is 4 a factor of q?
True
Let u = -6 + 104. Suppose -2*s - 5*d = -u, -4*d + 2*d = -s + 31. Is 13 a factor of s?
True
Let v = 73 - -38. Suppose 3*i - 5*n + 184 = 0, -5*n - v = 2*i - 6*n. Let w = i - -88. Does 13 divide w?
False
Let i(s) = 2*s - 10. Let q be i(8). Let x = q - 4. Suppose 12 = x*w - 24. Is w a multiple of 10?
False
Suppose 0 = 4*b + 4 - 20. Let s(g) = g**3 - 6*g**2 - 8*g + 8. Let l(o) = o**2 + o - 1. Let v(u) = 4*l(u) + s(u). Does 10 divide v(b)?
True
Suppose j - 3 - 2 = 0. Let r(m) = m**3 - 2*m**2 + 4. Is 15 a factor of r(j)?
False
Suppose 0 = r + 21 + 1. Let c = 6 - r. Is 11 a factor of c?
False
Let d(c) = 2*c**3 - 2*c**2. Let a be d(2). Let w be 1/2*(-1 + 1). Suppose w*j = j - a. Is j a multiple of 4?
True
Let w be 5/(-6) - (-2)/(-12). Is 22 a factor of (w/(-2))/((-2)/(-124))?
False
Let g(w) = w + 12. Let o be g(-9). Suppose c + 3 = 0, 3*q - 213 = -q + o*c. Does 13 divide q?
False
Suppose 0 = -a - 4*a. Suppose a = 4*v - 5*y - 65, 3*v - 4*y + 5*y = 25. Is v a multiple of 5?
True
Let h be (-10)/15*(-18)/(-4). Let w = 6 + h. Suppose 0 = -q + w*q - 12. Is q a multiple of 3?
True
Suppose 2*u + 118 = 2*q, 4*q = 4*u - u + 233. Is 6 a factor of q?
False
Let l(x) = -189*x**3 + 1. Let u be l(-1). Suppose 0 = s + 5, -3*s + 7*s - u = -5*m. Let d = -16 + m. Is d a multiple of 13?
True
Suppose 0 = -14*i + 7*i + 462. Is 15 a factor of i?
False
Let c(z) = z**3 + 5*z**2 - 8*z - 1. Is c(-6) a multiple of 3?
False
Let q = 282 - 162. Does 8 divide (6 + 1)*q/28?
False
Let k be 5 + 0 + (-2)/(-2). Suppose -k*u + y = -u - 67, 16 = 2*u + 5*y. Suppose -u = -d - 0. Does 9 divide d?
False
Suppose 33 + 27 = -4*d. Let i be 12/d*(-2 - -7). Is 20 a factor of (12 + 1)/((-2)/i)?
False
Let g(o) = -o**3 - 6*o**2 + 6*o + 1. Let a be g(-7). Let n = -5 + a. Suppose -x + 144 = n*x. Is 18 a factor of x?
True
Is -1 - (-24)/20 - (-29)/5 a multiple of 6?
True
Let v(k) = 37*k**2 + k - 2. Let i be v(-2). Let f = i + -103. Is f a multiple of 17?
False
Suppose 4*y + 2 = -v, v + 4 = 2*v - 2*y. Let j(q) = q**2 + 4 - 2*q**2 + q**2 - q**v + 5*q. Is j(5) a multiple of 4?
True
Let s = 137 - 52. Is s a multiple of 10?
False
Let g = -23 - -31. Is g a multiple of 8?
True
Let i(y) = -5*y + 8. Suppose 0 = 5*h - 10 - 0, 4*k - 5*h + 42 = 0. Is 12 a factor of i(k)?
True
Let j(l) = 5*l + 12. Is j(5) a multiple of 15?
False
Is (-2)/13 + (-3448)/(-104) a multiple of 11?
True
Let l be (-232)/6*9/(-6). Let d = 12 + -9. Suppose 5*r - 2*f - l = 0, 0*f - 38 = -d*r - 2*f. Does 8 divide r?
False
Suppose 0 = -5*n - 4*o + o + 498, 3*n - 299 = -2*o. Does 19 divide n?
False
Suppose 2*b = -2*b + 36. Let y(l) = l. Is y(b) a multiple of 9?
True
Suppose 0 = -3*k + p + 2*p + 480, -4*k + 3*p + 636 = 0. Let z be (-3)/6*(0 - k). Suppose 3*w - z = w - 4*a, -4*w = a - 184. Is 16 a factor of w?
False
Is 20 a factor of 51*1*72/54?
False
Suppose -3*g + 7 = -20. Suppose -4*s - 3*n + g = -s, 5*s - 15 = 2*n. Suppose -s*c + 27 = 2*b, -4*b - 2*c = 13 - 79. Is 18 a factor of b?
True
Suppose 0 = n + 3*a - 5 + 3, 0 = 4*n - 4*a - 56. Does 6 divide n?
False
Is 5 a factor of -3 + 24 - (-5 - -2)?
False
Suppose 0 = 3*b + 2*b - 25. Suppose 0*g + b*g - 5*l = 190, -4*g + 154 = -5*l. Does 11 divide g?
False
Let u = -303 - -538. Does 48 divide u?
False
Let b(c) = -60*c**3 - c**2. Suppose -6 + 3 = 3*t. Does 15 divide b(t)?
False
Let q(k) = -k**3 + 8*k**2 - 6*k - 1. Let l be q(7). Suppose 0 = -2*p - 5*b + 6, l*p + 2*b - 9 = 3*p. Does 8 divide 21*p/3 - -3?
True
Suppose -4*v = -3*v - 1, -3*v = -2*q + 9. Let d(j) = j**2 - j + 0 - 2*j - 2. Is d(q) a multiple of 8?
True
Let d(u) = 2*u**2 - 13*u + 11. Is 7 a factor of d(9)?
True
Suppose 5*o = -0*o + 180